{"id":2,"date":"2014-12-21T12:55:21","date_gmt":"2014-12-21T12:55:21","guid":{"rendered":"http:\/\/caren-christiansen-sexvideo.com\/?page_id=2"},"modified":"2014-12-21T13:48:34","modified_gmt":"2014-12-21T13:48:34","slug":"sample-page","status":"publish","type":"page","link":"https:\/\/caren-christiansen-sexvideo.com\/","title":{"rendered":"Caren Christiansen Sexvideos der Catch the Millionaire Kandidatin"},"content":{"rendered":"<p>Auf <a href=\"http:\/\/www.beroticstars.com\/\" target=\"_blank\">Beroticstars.com<\/a> findest du die \u201cechten\u201d Skandal Amateursexvideos von Caren Christiansen, die sie kurz vor den TV Dreharbeiten von Catch the Millionaire mit mit <a href=\"http:\/\/www.bang-boss.net\/\" target=\"_blank\">Manuel Stallion (BANG BOSS)<\/a> und <a href=\"http:\/\/www.aische-pervers.tv\/\" target=\"_blank\">Aische Pervers<\/a> exklusiv in Berlin produziert hat! Diese Videos sind die ersten Pornos von Caren Christiansen, bei denen sie Sex mit einem Mann vor laufender Kamera hat und wurden auf ausdr\u00fccklichen Wunsch von ihr geplant und gedreht, um die TV Nation zu schocken\u2026 alle haben Caren f\u00fcr das kleine, unschuldige M\u00e4dchen von Nebenan gehalten. Ihr habt euch geirrt!!!<\/p>\n<p><strong>Wie kam es zu diesen Videodrehs?<\/strong><\/p>\n<p>Caren Christiansen bewarb sich Ende 2013 beim BANG BOSS, dem derzeitigen Venus Award Gewinner (bester m\u00e4nnlicher Amateurdarsteller), um Pornos zu drehen. F\u00fcr sie war dies die damals beste Wahl, um in das Amateurpornogesch\u00e4ft einzusteigen und von Manuel Stallions (BANG BOSS) Erfahrung zu profitieren. Caren hatte schon die Tickets nach Berlin gebucht f\u00fcr ihren ersten Dreh, doch leider verhinderten pers\u00f6nliche Probleme die Anreise und somit kam der Dreh leider nicht zustande. Kurz darauf produzierte Caren kurzentschlossen Lesbenpornos in Hamburg und nahm an einem Pornocasting teil.<\/p>\n<p>Wenige Monate sp\u00e4ter meldete sich Caren erneut und erz\u00e4hlte Manuel von ihrer Castingeinladung zur zweiten Staffel von Catch the Millionaire. Alle war noch streng geheim und die Teilnahme unsicher. Beide schmiedeten jedoch bereits jetzt den Plan zu einem gro\u00dfen Medienskandal. Es wurde absolute Verschwiegenheit vereinbart, niemand sonst wusste von der m\u00f6glichen Teilnahme bei diesem TV Format. Caren meistere das Casting und bekam die Zusage f\u00fcr den CTM Dreh. Caren wusste, dass sie zuvor s\u00e4mtliche Rechte an ihren zuvor produzierten Clips abgegeben hatte und andere an ihrer TV Pr\u00e4senz verdienen w\u00fcrden. So vereinbaren Caren Christiansen und Manuel Stallion, neue Hardcore Pornos zu produzieren. Laut Caren existierten bis zu diesem Zeitpunkt keine Pornos von ihr, wo sie mit einem Mann Geschlechtsverkehr hat. Dar\u00fcber hinaus wurde eine passende Story ins Leben gerufen, die zu Caren passt und authentisch ist. Berlin war die perfekte Location und da Caren gerne Parties feiert, war die Story schnell geplant. Caren sollte mit Manuel (BANG BOSS) und Aische Pervers eine tolle Party feiern und dabei ihren Skandalporno drehen\u2026<\/p>\n<p>Vor den Dreharbeiten unterschrieb Caren einen Exklusivvertrag \u00fcber die Videoproduktion, welcher eine exklusive Zusammenarbeit mit Manuel garantieren sollte. Die Videoproduktion mit Caren machte allen Beteiligten eine Menge Spa\u00df (was man in den Videos unschwer erkennen kann).<\/p>\n<p>Nach den Dreharbeiten zu ihrem Skandalporno ging es f\u00fcr Caren direkt nach Italien zu den Catch the Millionaire Dreharbeiten. Nachdem dieser Dreh beendet war, gingen die Vorbereitungen f\u00fcr den eigentlichen Skandal weiter. Einige Wochen sp\u00e4ter brach der Kontakt inmitten der Planungen jedoch pl\u00f6tzlich ab. Caren meldete sich nicht mehr, antwortet nicht auf Mails, Anrufe und sonstige Kontaktversuche. Leider mussten wir nach ein Paar Wochen der Ungewissheit feststellen, dass Caren ihren Exklusivvertrag brach, um mit einer anderen Produktionsfirma zusammenzuarbeiten. Es wurden heimlich weitere Sexvideos gedreht, welche kurz nach der offiziellen Pressemitteilung zu Catch the Millionaire von Pro7 ver\u00f6ffentlicht wurden.<\/p>\n<p>Trotzdem k\u00f6nnen wir euch hier mit Stolz mitteilen, die urspr\u00fcnglchen Catch the Millionaire Skandalpornos von Caren Christiansen pr\u00e4sentieren zu d\u00fcrfen, welche dar\u00fcber hinaus auch die ersten Sexvideos sind, wo Caren es mit einem Mann vor laufender Kamera so richtg krachen l\u00e4sst.<\/p>\n<p>Nur hier findet ihr die exklusiven Caren Christiansen Pornos \/ Sexvideos \/ Sextapes!<\/p>\n<p><strong>Viel Spa\u00df beim Ansehen auf <a href=\"http:\/\/www.beroticstars.com\/\" target=\"_blank\">www.beroticstars.com<\/a><\/strong><\/p>\n","protected":false},"excerpt":{"rendered":"<p>Auf Beroticstars.com findest du die \u201cechten\u201d Skandal Amateursexvideos von Caren Christiansen, die sie kurz vor den TV Dreharbeiten von Catch the Millionaire mit mit Manuel Stallion (BANG BOSS) und Aische Pervers exklusiv in Berlin produziert hat! Diese Videos sind die &hellip; <a href=\"https:\/\/caren-christiansen-sexvideo.com\/\">Weiterlesen <span class=\"meta-nav\">&rarr;<\/span><\/a><\/p>\n","protected":false},"author":1,"featured_media":0,"parent":0,"menu_order":0,"comment_status":"open","ping_status":"open","template":"","meta":{"footnotes":""},"class_list":["post-2","page","type-page","status-publish","hentry"],"_links":{"self":[{"href":"https:\/\/caren-christiansen-sexvideo.com\/index.php?rest_route=\/wp\/v2\/pages\/2","targetHints":{"allow":["GET"]}}],"collection":[{"href":"https:\/\/caren-christiansen-sexvideo.com\/index.php?rest_route=\/wp\/v2\/pages"}],"about":[{"href":"https:\/\/caren-christiansen-sexvideo.com\/index.php?rest_route=\/wp\/v2\/types\/page"}],"author":[{"embeddable":true,"href":"https:\/\/caren-christiansen-sexvideo.com\/index.php?rest_route=\/wp\/v2\/users\/1"}],"replies":[{"embeddable":true,"href":"https:\/\/caren-christiansen-sexvideo.com\/index.php?rest_route=%2Fwp%2Fv2%2Fcomments&post=2"}],"version-history":[{"count":1,"href":"https:\/\/caren-christiansen-sexvideo.com\/index.php?rest_route=\/wp\/v2\/pages\/2\/revisions"}],"predecessor-version":[{"id":6,"href":"https:\/\/caren-christiansen-sexvideo.com\/index.php?rest_route=\/wp\/v2\/pages\/2\/revisions\/6"}],"wp:attachment":[{"href":"https:\/\/caren-christiansen-sexvideo.com\/index.php?rest_route=%2Fwp%2Fv2%2Fmedia&parent=2"}],"curies":[{"name":"wp","href":"https:\/\/api.w.org\/{rel}","templated":true}]}}